se 3*k + 2*k = z - 600, 0 = z - 2*k - 615. Suppose -14*m + z = 11*m. What are the prime factors of m?
5
Suppose 0 = -4*s + 2*c + 124, 8*c = -3*s + 3*c + 93. Suppose -j = -5*f - 1680, -3*j - 1691 = 5*f - s. Let p = -146 - f. What are the prime factors of p?
3, 7
Suppose 11*a = -20766 + 99427. What are the prime factors of a?
7151
Let f = -6 - -9. Let w be f + 5/((-15)/(-513)). Suppose w = 2*y + 4*m, -m - 293 = -3*y + m. List the prime factors of y.
5, 19
Suppose -24*o = -14*o - 14880. Suppose w = -7*w + o. List the prime factors of w.
2, 3, 31
List the prime factors of (-62)/(2480/12860)*(0 - (1 + 193)).
97, 643
Let p(g) = 56*g + 35. Let y be p(-3). Let r = 135 + y. Suppose 382 = r*h - 2*o, 0 = -h - 6*o + 4*o + 182. What are the prime factors of h?
2, 47
Suppose 4*k - 14 = 2, 0 = -5*c - 3*k + 6832. Let r = -903 + c. What are the prime factors of r?
461
Suppose -8*o + 6*o = -5*s + 2859, 3*s = 2*o + 1713. Let w = s + -98. What are the prime factors of w?
5, 19
Suppose -10*r = -4*r - 6. Suppose -r = 4*t - 9, 2*g = 4*t + 830. List the prime factors of g.
419
Suppose -k - 4*q = 0, -k + 14 = 3*q + 9. Suppose -2783 = k*f - 31*f. What are the prime factors of f?
11, 23
Suppose 0 = -6*m - 2*v + 130322, 4*m + 34991 = -4*v + 121851. List the prime factors of m.
3, 13, 557
Let k be 13/(-39) + 2/6. Suppose 0 = -5*h + 3*r + 173, k = -2*h + 4*r + 55 + 17. Suppose -i = -3*i + h. What are the prime factors of i?
17
Let l = -5463 + 9430. What are the prime factors of l?
3967
Let y be (-11)/(-33)*3*(54 - 1). List the prime factors of 141 + y/(-11) + (-2)/11.
2, 17
Suppose 0 = l - 3*q - 11407 + 3129, 4*q = 24. What are the prime factors of l?
2, 17, 61
Let s(q) = 3425*q - 1929. What are the prime factors of s(8)?
25471
Let g(f) = -3*f - 9. Let o be g(-1). What are the prime factors of (-2376)/o + 2 + -4?
2, 197
Suppose -s = -v + 5, 5 = v + 2*s + s. Let a be (13 - 196/14)/(1/(-3)). Suppose -a*m - 231 = -v*y + y, -2*m = -y + 64. List the prime factors of y.
2, 3
Suppose 14*j - 25 = 31. Suppose -3*n = 4*g - 4303, -5*n - j*g + 7190 = -g. What are the prime factors of n?
11, 131
List the prime factors of 2/(-11) + (-1774725)/(-825).
3, 239
Suppose 4044 + 4848 = 19*s. Let q = s - 108. What are the prime factors of q?
2, 3, 5
Let q be ((-6075)/6 - 4)*-6. Let s be (-2)/(-10) - q/95. What are the prime factors of s/(-6)*6/8*4?
2
Suppose -8*g + 27*g - 78804 = 10*g. List the prime factors of g.
2, 11, 199
Let v be (32 - 1) + (0 - -2). Let f = -638 + 639. Suppose -o + f = -v. What are the prime factors of o?
2, 17
Suppose 0 = -92*u + 267*u - 1861650. List the prime factors of u.
2, 3, 197
Let i(v) = v**2 - 8*v + 7. Let q be i(7). Suppose q = -28*z + 30*z - 52. Let b = z - -37. What are the prime factors of b?
3, 7
Suppose 1617 = 2*z + 2*l - 509, -2*z = 3*l - 2125. What are the prime factors of z?
2, 7, 19
Let d(y) be the first derivative of 25*y**2/2 + 10*y - 4. Let g be d(-2). What are the prime factors of 80/(-2)*16/g?
2
Let p be 45 - 10 - (3 - 1). Let x be ((-2)/(-6))/(1/p). Suppose -i - x = -29. List the prime factors of i.
2, 3
Let y(j) be the third derivative of 1/20*j**5 + 2*j**3 + 11*j**2 + 0 - 1/3*j**4 + 0*j. List the prime factors of y(2).
2
Let k = -4268 + 10280. What are the prime factors of k?
2, 3, 167
Suppose 9 = 2*x + 1. Suppose -2*p + 3*p + 16 = -x*c, 3*p - 4*c - 32 = 0. Suppose 5*b - 2*b - 219 = -5*l, -b - 182 = -p*l. List the prime factors of l.
3, 5
Let v = 164289 + -111116. List the prime factors of v.
53173
Let f(o) = -o**3 + 3*o**2 + 3*o - 7. Let t be (-6)/(2 + -5 - -1). Let c be f(t). Suppose c*l + 3*y = 125 + 44, -5*y = 2*l - 171. List the prime factors of l.
83
Suppose 7*q = -4*z - 4521 + 31891, 27390 = 4*z - 3*q. List the prime factors of z.
2, 3, 7, 163
Suppose -3*n = -5*n - 2, 4*s = 5*n - 2595. Let h = 129 - s. List the prime factors of h.
19, 41
Let a(r) = 6*r - 3. Let x be a(2). Let f(j) = 2*j**3 - 12*j**2 + 11*j + 28. List the prime factors of f(x).
613
Suppose 57*j = 747481 - 173776. List the prime factors of j.
3, 5, 11, 61
Let b(s) = 7*s - 20. Let y be b(8). Let p be (y*1)/((-18)/8 - -3). Suppose -7*q = 5*q - p. List the prime factors of q.
2
Let l = 13375 + -11784. What are the prime factors of l?
37, 43
Suppose -3*i + 2*i + 2 = 0. Let s(f) = 79*f. Let q be s(i). Suppose q = 2*t - m - 42, 0 = -t + 2*m + 106. What are the prime factors of t?
2, 7
Suppose -5110*y + 5041*y = -1484742. List the prime factors of y.
2, 7, 29, 53
Suppose 2*i - 26845 = -14*i + 145395. What are the prime factors of i?
5, 2153
Let i(n) = 5*n**2 + 15*n - 37. Let b = -99 + 89. List the prime factors of i(b).
313
Suppose z = 425 + 51. Suppose z = r + 3*d, r + 3*r - 4*d = 1888. Let s = -314 + r. List the prime factors of s.
3, 53
Suppose 8431 = 3*u - 2513. Suppose 1233 = -5*g + d + u, d - 5 = 0. List the prime factors of g.
2, 11
List the prime factors of (-43*28/(-7224))/((1/(-27618))/(-1)).
4603
Let j(y) = -440*y + 10. Let f be j(-4). Let d = -773 + f. List the prime factors of d.
997
Suppose 0 = 4*m + 20, 2 - 90 = -4*h + 4*m. List the prime factors of (-1 + h)/(33/330).
2, 5
Suppose 23*k + 43852 - 332654 = 111996. List the prime factors of k.
2, 8713
Let r = 52475 - 36323. What are the prime factors of r?
2, 3, 673
Let o(g) = 10*g - 2. Suppose 2*k - f - 5 = k, 3*k - 17 = 4*f. Let n be o(k). Suppose -n = -5*x + 142. List the prime factors of x.
2, 17
Let u(z) = -566*z - 6168. List the prime factors of u(-29).
2, 47, 109
List the prime factors of 28/(-16) - 308021/(-316).
7, 139
Suppose 4*v = 34 - 2, -2*v = -2*g + 141406. What are the prime factors of g?
31, 2281
Let k = -128 - -137. Let a(q) = -q**3 + 15*q**2 - 23*q + 15. List the prime factors of a(k).
2, 3, 7
Let t be ((-1)/(-1))/(2/838). Suppose -4*h + 1767 = -2*f - t, -2161 = -4*h - 3*f. What are the prime factors of (h/(-24))/(2/(-6))?
2, 17
Let l(w) = -42*w**3 + 14*w + 2*w**2 + 4*w + 26*w**3 + 32. List the prime factors of l(-2).
2, 3, 11
Let u = -36 - -32. Let x be ((-35)/u - 4) + (-3)/4. List the prime factors of 202/(x/(-8)*-4) - 0.
101
Let z = -27270 + 53619. List the prime factors of z.
3, 8783
Suppose 2*h - 18*h = -544. Suppose 31*t + 4*r + 1640 = h*t, 0 = 5*t - 2*r - 2710. List the prime factors of t.
2, 3, 5
Suppose -2600 = 2033*a - 2037*a. Let p = 255 + a. What are the prime factors of p?
5, 181
List the prime factors of (100/(-125))/((-2)/5) - -46382.
2, 13, 223
Suppose -8*b + 5*b = 0. Suppose 5*h = -b*h - 4*k + 1045, 0 = 5*k + 25. Suppose 4*z - h = 171. List the prime factors of z.
2, 3
Suppose -g + 104647 = 5*i, -30*i + 4*g + 313962 = -15*i. What are the prime factors of i?
2, 5, 7, 13, 23
Let h = 27 - 22. Suppose h*t = -15, -g + 4*t = 3*g - 1204. List the prime factors of g.
2, 149
Let w = -77 - -85. Suppose w*z - 29835 = -5*z. Suppose 13*s + 319 - z = 0. List the prime factors of s.
2, 19
Let u(s) = -41*s + 628. Let a(z) = 20*z - 315. Let b(w) = -5*a(w) - 2*u(w). List the prime factors of b(10).
139
Let y(o) = o**3 - 8*o**2 + 2*o - 3. Let s be (6/4)/(456/(-160) - -3). What are the prime factors of y(s)?
7, 31
Suppose 0 = -8*n + 6*n + 184. List the prime factors of 690/n*(-292)/(-10).
3, 73
What are the prime factors of 5 + 25 - -10438 - 5/((-10)/8)?
2, 7, 11, 17
Let c(l) be the third derivative of -8*l**4/3 - l**3/3 + 50*l**2. List the prime factors of c(-4).
2, 127
Suppose 0 = -33*h + 31*h + 3*b + 8393, -5*h - b + 20957 = 0. List the prime factors of h.
2, 131
Let v(x) be the third derivative of x**5/60 - 11*x**4/12 + 7*x**3/3 - x**2. Let y be 2397/85 + -4 - 2/10. List the prime factors of v(y).
2, 31
Suppose -2*u - 10 = c, 0*u + u + 5*c = 13. Let f(m) = -m - 1. Let l be f(u). Let i = 96 + l. What are the prime factors of i?
2, 3, 17
Let j(s) = s**3 - 9*s**2 - 11*s + 70. Suppose 5*v - 8 = 47. What are the prime factors of j(v)?
191
Suppose 0 = -2*v - 6, -v = -5*y + v + 26. Let q(r) = r**3 - 8*r**2 + 5*r + 10. Let p be q(7). List the prime factors of 204 + 1 + y - p/(-1).
5, 41
Let a = -38928 - -75516. What are the prime factors of a?
2, 3, 3049
Suppose -2*n - 9146 = -2*w, -1867 = 2*w + 4*n - 11049. What are the prime factors of w?
19, 241
Let m(s) = -s**3 + 17*s**2 - 15*s + 12. Let c be m(12). Let j = -90 + c. List the prime factors of j.
2, 3, 7, 11
Let s = 77615 - 37217. What are the prime f